(b)?
13
Let s = 30 + -27. Suppose -8 + 122 = -s*h. What is the remainder when 89 is divided by (h/(-12))/(1/6)?
13
Let a = -340 + 408. What is the remainder when a is divided by 5*(8 - (-84)/(-20))?
11
Let d(g) = 3*g + 24. Let s be d(-7). Suppose k + 15 = s*r, -4*k + 14 = r - 4. Suppose -8*w = -20 + 4. What is the remainder when r is divided by w?
0
Suppose 0 = -31*b + 10662 + 8713. Let o = b + -591. What is the remainder when 62 is divided by o?
28
Suppose 0*i + 4711 = 3*k + i, -2*i - 12558 = -8*k. What is the remainder when k is divided by 175?
170
Suppose 3*s + 4*n = 16, s = -7*n + 8*n + 10. What is the remainder when 510 is divided by s?
6
Let a = 8336 + -6899. What is the remainder when a is divided by 19?
12
Let b(f) = -2*f**2 + 53*f - 36. Let a be b(25). Calculate the remainder when 101 is divided by (a/(-6))/(2/(-8)).
23
Let b(r) = 15*r**2 - 3*r - 3. Let v(f) = -13*f + 64. Let h be v(5). Calculate the remainder when 101 is divided by b(h).
11
Let t = -9018 - -9044. Calculate the remainder when (-1084)/(-6) + 1/3 is divided by t.
25
Let d = -63 + 153. Suppose -5*x + 27*o + 176 = 26*o, 0 = -5*x + 5*o + 140. What is the remainder when d is divided by x?
16
Let k(g) = g**3 - 5*g**2 + 4*g - 7. Suppose -63 = 2*x - 11*x. What is the remainder when k(x) is divided by 8?
7
Suppose 4*o + 70 = -5*a + 449, a = 3*o - 270. Suppose b + o = 118. Calculate the remainder when 188 is divided by b.
26
Suppose -50 + 46 = -2*g. Calculate the remainder when 100 is divided by (12/20)/(g/90).
19
Suppose 4*k + 797 - 725 = 4*d, -3*d + 42 = k. Calculate the remainder when 168 is divided by d.
3
Suppose 139*a + 245*a = -85*a + 5628. Suppose -2*k - 2*k + 1136 = -z, -5*k = 4*z - 1441. Calculate the remainder when k is divided by a.
9
Suppose -5*t + 168 = 143. Let d(q) = 4*q - 12. What is the remainder when 20 is divided by d(t)?
4
Let h = 350 - 308. Let n(t) = -4*t - 2. Let f be n(4). What is the remainder when f/(71/(-23) - -3) is divided by h?
39
Suppose -4*b + 416 = 4*r, b - 4*r - 4465 + 4286 = 0. Suppose -49 - 18 = -i. Calculate the remainder when b is divided by i.
52
What is the remainder when 10946 - 16 - (2 + 12) is divided by 21?
17
Let z(t) = 29*t**2 + 9*t - 1. Suppose -2*l = -5*i - 36, 0 = 40*l - 43*l - 5*i + 104. Calculate the remainder when z(7) is divided by l.
27
Let m = -14 + 71. Let z(k) = 101*k**2 - 22*k - 84. Let w be z(-4). Suppose w = -21*v + 75*v. Calculate the remainder when m is divided by v.
27
Let l(d) = -6*d**3 - 29*d**2 - 70*d + 29. Calculate the remainder when 275 is divided by l(-4).
46
Suppose 4 + 1 = l. Suppose 2*u + l = 31. Let b = 26225 + -26204. What is the remainder when b is divided by u?
8
Calculate the remainder when 6 + (26 - 23)*1021/3 is divided by 24.
19
Let w(a) = 8*a**3 + 8*a**2 - 40*a - 1. Let z be w(5). Suppose 0*v + z = 9*v. What is the remainder when v is divided by 19?
16
Let r(q) = -4*q**2 - 14*q + 6. Let v(o) = 3*o**2 + 13*o - 6. Let k(n) = 4*r(n) + 5*v(n). Calculate the remainder when 12 is divided by k(6).
0
Let m be 82 + (-5)/(5/1). Suppose m = 6*r + 21. Suppose 0 = -6*z + r*z - 20. What is the remainder when 12 is divided by z?
2
Let t(r) = 8*r**2 + 27*r + 2. Let o be t(-3). Calculate the remainder when 17 is divided by (6 + (-40 - o))*2/(-6).
8
Suppose -79*p + 58*p = -105. Suppose -5*l = -p*b - 930, l - 5*b - 180 = -6*b. What is the remainder when l is divided by 60?
3
Let w be 103*((-105)/95 + 6/57). Let f(j) = j**3 + j**2 + j + 250. Let h be f(0). Let y = w + h. Calculate the remainder when y is divided by 50.
47
Suppose 5*y + 3*k - 745 = 0, 3*y - 3*k - 471 = -0*k. Let n(j) = -2*j**2 - 95*j + 839. Calculate the remainder when y is divided by n(-55).
12
Suppose -41*q + 60*q - 2356 = 0. Calculate the remainder when 245 is divided by q.
121
Let x be 309/27 + -2*(-8)/(-36). Let l = 6 + x. What is the remainder when 2/(-6) - 392/(-6) is divided by l?
14
Let l(h) = -2*h**3 + 13*h**2 - 10*h + 113. Suppose -u - 3*o = -0*u + 9, -3*u = -o - 23. What is the remainder when l(u) is divided by 34?
21
Let c(v) = 2*v - 18. Let i = -13 + 11. Let x be 2 + -4 - (28/1)/i. Calculate the remainder when 21 is divided by c(x).
3
Let i = -615 - -646. Suppose -12*y = -i*y + 874. What is the remainder when y is divided by 39?
7
Let u(l) be the first derivative of -l**2/2 - 15*l - 38. Let r(h) = -13. Let m(x) = -6*r(x) + 5*u(x). Calculate the remainder when 64 is divided by m(-2).
12
Suppose -3*b = 5*u - 3442, 2*b = -12*u + 8*u + 2754. Suppose -7*y + 20*y = u. Calculate the remainder when 98 is divided by y.
45
Suppose 49*g - 18 = 40*g. Calculate the remainder when (3/3)/(g + (-974)/488) is divided by 41.
39
Let y(o) = 2*o**2 - 34*o - 11. Let j be y(21). Let m = j + -131. Calculate the remainder when m is divided by 8.
2
Let y(o) = -3*o + 1. Let u be y(3). Suppose 24*a - 183 = -15. What is the remainder when 594/24 - 2/u is divided by a?
4
Suppose -3544*o + 3578*o = 113220. What is the remainder when o is divided by 53?
44
Let l(w) = 6*w + 21*w + 1857 - 1876. What is the remainder when l(7) is divided by 35?
30
Suppose -1243 = -66*g + 209. Let j(f) = -f + 1. Calculate the remainder when g is divided by j(-4).
2
Let t = 40 - 28. Let d = t - 9. Suppose -5 = -d*r + 25. What is the remainder when 33 is divided by r?
3
Let p be -6 - (7 + -13 + 0). What is the remainder when 315 is divided by (140/49)/((p - 2)/(-28))?
35
Let y(a) = -1. Let p(n) = -23*n + 19. Let g(k) = -p(k) - 2*y(k). Suppose -4*i = -i - 4*z - 349, 123 = i - 3*z. What is the remainder when i is divided by g(2)?
24
Let j = 4 + 7. What is the remainder when j is divided by (-2 + 66/55)*(-15)/2?
5
Suppose -4*q + 1716 = 5*p, 4*p - 171 = -5*q + 1191. Calculate the remainder when p is divided by 22.
18
Let k(d) be the second derivative of -11*d**3/6 - 129*d**2 + 32*d + 4. What is the remainder when 801 is divided by k(-24)?
3
What is the remainder when 3306 is divided by (-2)/10 + (-2038)/(-40) - 60/(-240)?
42
Suppose 67970 = -326*k + 361*k. Calculate the remainder when k is divided by 37.
18
Suppose 0 = 4*o + 3*b - 13, 2*o - b - 3 = -6*b. Suppose 0 = q - o*l + 3, 0 = -3*q - 5*l + 7 + 18. Calculate the remainder when q is divided by 5.
0
Suppose 22*x - 79178 = -30*x - 7*x. What is the remainder when x is divided by 24?
22
Let z = 24 - -29. Let c(k) = 13*k**2 + 287*k + 40. What is the remainder when z is divided by c(-22)?
17
Let y = 224 + -226. What is the remainder when (-4634)/(-98) + 3/(21/y) is divided by 9?
2
What is the remainder when -198 + 191 + (0 + 0 - -871) is divided by 25?
14
Suppose 2*v = -v + 12, -2*w = -5*v + 12. Suppose -z - 211 = -5*s, 3*z + 141 = 4*s - 19. Let u = 68 - s. Calculate the remainder when u is divided by w.
1
Let p = 16856 - 12216. What is the remainder when p is divided by 9?
5
Suppose 0 = -f + 3*u + 61 + 35, 3*u = -2*f + 228. What is the remainder when f is divided by 103?
5
Let w = -3688 + 3705. Calculate the remainder when (-7)/((-21)/9) + 90 is divided by w.
8
Let s(l) = l**3 - 3*l**2 - 2*l + 20. Let x(u) = -7*u**2 + 176*u - 19. Let b be x(25). Calculate the remainder when s(b) is divided by 21.
11
Suppose -2*x + 5*x = 99. Suppose -5*h + 55 - 10 = 0. Calculate the remainder when x is divided by h.
6
Let n(f) = -7*f + 116. Calculate the remainder when n(-11) is divided by 13.
11
Calculate the remainder when -2039*(1 - -2)*(-2)/6*1 is divided by 4.
3
Let f = -66 + 99. Suppose -360 = -2*i - 5*b + 249, 3*i = -2*b + 930. Suppose 4*k - 340 = i. What is the remainder when k is divided by f?
31
Suppose 150 = 153*z - 150*z + 3*x, 3*x + 194 = 5*z. What is the remainder when 535 is divided by z?
19
Let t(u) = -178*u - 7574. What is the remainder when 1299 is divided by t(-44)?
9
Let z(q) be the first derivative of q**4/4 - 2*q**3/3 - 47*q**2/2 + 16*q + 175. What is the remainder when 33 is divided by z(-6)?
3
Let v(g) = -g**3 + 7*g**2 + 6*g + 22. Let m(a) = -a**2 + 22*a - 57. Calculate the remainder when m(18) is divided by v(8).
3
Let o(i) = -84*i - 9913. What is the remainder when o(-121) is divided by 32?
27
Let p = 2888 + -2740. What is the remainder when p is divided by 38?
34
Suppose r + 2*r + 117 = 0. Let a = -10 - r. Suppose 7*k - 89 = -12. What is the remainder when a is divided by k?
7
What is the remainder when 4 is divided by ((-162)/(-702